et g(s) = s**3 + 2*s**2 - 12. Let z(w) = -3*w**3 - 7*w**2 + 34. Let t(p) = -11*g(p) - 4*z(p). Let c be (-3)/4*(-8)/(-1). Calculate t(c).
-4
Let u(s) = -10*s + 3 + 2*s - 1. Let q be u(-3). Let j be q/6 + 2/(-6). Let y(h) = h - 4. Determine y(j).
0
Let n(h) = h**3 - 4*h**2 - 3*h + 2. Let y be (-28)/(-12) - -2 - 2/6. Give n(y).
-10
Let f(x) = -3 + 2*x + 8 + 1. Determine f(-6).
-6
Suppose -2*o = 2*o. Let c(a) = 3*a - 7. Let n(q) = -q + 2. Let t = 0 - 7. Let i(h) = t*n(h) - 2*c(h). Calculate i(o).
0
Let p(i) = -1 + i - i**3 + 4*i**2 + 1. Let m(w) = -2*w - 1. Let j be m(2). Let v(g) = -g**2 - 6*g - 1. Let d be v(j). Give p(d).
4
Let m(b) = b**2 - 12*b - 5. Let l be 4/14 - (-375)/35. Calculate m(l).
-16
Let o = 12 + -6. Suppose -23 = -4*n + 3*f, 5*n + 4*f + 4 + o = 0. Let w(q) = 0*q**3 - 2 - q**3 - 3*q**n + 0*q**2. Determine w(-3).
-2
Let g(c) be the third derivative of c**4/24 + c**3/2 + 20*c**2. What is g(-2)?
1
Let r(d) = 15*d. Suppose -2*f + 4*f - 2 = 0. Calculate r(f).
15
Let p(c) be the third derivative of -c**4/24 - 2*c**3/3 - 2*c**2. Let o be ((-55)/15 - -3)*3. Determine p(o).
-2
Let i(l) be the first derivative of -l**4/4 - 2*l**3/3 + 2*l**2 - l + 3. What is i(-3)?
-4
Suppose 2*t - 26 = -18. Let p(y) = 3*y - 6. Determine p(t).
6
Let u be (1 - 2)/((-2)/10). Let p be ((2 - 2)/2)/(32/16). Suppose u*d + r - 2 = p, 0 = -d + 5*r - 2*r - 6. Let c(q) = q**3 - q**2 - 13. Give c(d).
-13
Suppose 13 + 2 = 5*j. Suppose -2*m - j*m = -2*l + 31, 0 = 4*m - 3*l + 29. Let o(x) = x**2 + 5*x + 4. Calculate o(m).
4
Let h(w) = -2*w**3 - w**2 + w - 1. Suppose -2*q - 3*q = 0. Suppose 5*m = -4*i - q*i - 18, -2*m - 2*i = 8. Determine h(m).
9
Let y be -1*(-9)/6*-2. Let d(g) = -10*g**2 - 4*g. Let j(u) = -3*u**2 - u. Let f(r) = 5*d(r) - 16*j(r). Give f(y).
-6
Let o be (-4)/(-16) - (-2)/(-8). Suppose o = -3*r - 2*a - 1, 0 = 4*r - 3*a - 7 + 14. Let k(q) = -6*q**2. Give k(r).
-6
Let f(a) = a**2 + 4*a - 8. Let u be (-1)/(-8) + 392/(-64). Determine f(u).
4
Let x(l) = -l. Suppose -15 = -5*i - 5. Suppose -i*k - 8 = 2. Calculate x(k).
5
Let q(p) = -p - 3. Let f(z) = 46*z. Let b be f(1). Let o = -30 + b. Suppose -2*v = -r - o, 3*v = r - 0 + 21. What is q(r)?
3
Let v be 4/7*14/4. Let y(z) = -z**3 + 1. Determine y(v).
-7
Let y(p) be the second derivative of -p**3/3 - 9*p**2/2 - 6*p. Let o = -5 - 1. Give y(o).
3
Let f = -2171/12 - -181. Let i(y) be the third derivative of 1/3*y**3 + 0*y - f*y**4 + 0 + 5*y**2 - 1/60*y**5. Determine i(-3).
-1
Let z(s) = s**2 + 3. Let d be z(0). Let g(a) = 9*a**2 + 4*a + 14*a**2 - 24*a**2 + 1. Determine g(d).
4
Let q(p) be the first derivative of p**5/120 - p**3/3 + 11. Let n(y) be the third derivative of q(y). Suppose -2 = 2*f - 0*f. Calculate n(f).
-1
Suppose 0 = -5*x + 5*h + 201 - 41, -x + 3*h = -36. Suppose 4*r - 2*w - 12 = -x, -5*r - 24 = -w. Let p(g) = -g**2 - 8*g - 7. Calculate p(r).
8
Let c be (1 - 1)/(-4 - -5). Let i(q) = 10 + c*q + q**2 - 5 + 7*q. Let u = -13 - -9. Determine i(u).
-7
Let q(u) be the first derivative of u**3/3 - 3*u**2 - 3*u - 3. Let m(x) = x**2 + 8*x + 5. Let w be m(-7). Let n be ((-4)/12)/(w/30). What is q(n)?
-8
Let f(a) be the third derivative of a**4/4 - 2*a**2. Calculate f(3).
18
Let y(i) = -i**2 + 5*i + 8. Let z(k) = -k**3 - 2*k**2 - k - 5. Let r be z(-3). Give y(r).
-6
Suppose 4*a + 5 = 3*k, -5*k + 18 = 2*a + 1. Let r(f) = -7*f**3 - f**2 + f. Calculate r(a).
-7
Let f(b) = -5*b**2 + 4*b + 2. Let j be (18/4)/((-27)/36). Let h(c) = -c**2. Let z(d) = j*h(d) + f(d). Determine z(-5).
7
Suppose -3*f + 5*f - 2 = 0. Suppose 15 = 3*g - 0*g, 2*a + 4*g = 26. Suppose 4*m = -f - a. Let b(y) = -4*y**3 + 2*y**2 + 2*y + 1. Calculate b(m).
5
Let t(k) be the second derivative of -k**3 + 2*k**2 - 34*k. Give t(-3).
22
Let r = 4 + -5. Let y be (-5)/(-2) - r/2. Suppose 2*m - 5*t = -18, -y*m + 12 = -7*m - 2*t. Let b(s) = -s**3 - 4*s**2 - s. What is b(m)?
4
Let c(i) be the third derivative of i**5/60 - i**4/6 + i**3/3 - 6*i**2 + 5*i. Calculate c(3).
-1
Let m(o) be the third derivative of o**8/6720 + o**7/504 - o**6/720 - o**5/20 + 5*o**4/24 - 5*o**2. Let b(j) be the second derivative of m(j). What is b(-5)?
-1
Suppose 3*d = -d. Suppose 4 = -i, -3*z - 2*i = -0*z + 11. Let a(v) = v + 1. Let r(c) = 2*c + 2. Let x(f) = z*r(f) + a(f). Determine x(d).
-1
Let q(w) = w**2 + 7*w - 7. Suppose 5*o + 2*o = -63. What is q(o)?
11
Let b(i) = i**2 + 5*i + 6. Let x be b(-4). Let a(z) be the second derivative of -x*z + 0 - 2/3*z**3 + 0*z**2. Determine a(1).
-4
Suppose t + 3*t = 8. Suppose 0 = x - 5, -5*x + 11 = 3*v - 4*x. Let h(k) = -k + k**3 + 35*k**2 - 35*k**v. What is h(t)?
6
Let w(d) = -4*d**2 + 3 + d**2 + 3*d**2 + 4*d**2 + d**3 + 2*d. What is w(-4)?
-5
Let y = 1 - 0. Let c be -2 - y - 3*-4. Let o(f) = -11*f + 1. Let u(t) = 5*t - 1. Let p(r) = c*u(r) + 4*o(r). Determine p(-5).
-10
Let b(r) = -r**3 + 5*r**2 - 3*r + 1. Suppose -2*g + y = 36, -5*g - 2*y - 70 = 2. Let a = -42 - g. Let h be a/(-7) + 4/14. Determine b(h).
5
Let g(n) = -8*n**2 - 7*n. Let o(c) = c**2 + c. Let q(k) = 2*g(k) + 14*o(k). Determine q(2).
-8
Let t(q) = 3*q**3 - q**3 + q + 546*q**2 - 543*q**2 + 1. Let x = 2 - 4. Give t(x).
-5
Let i(u) = -5*u**3 + 2*u**2 + 2*u + 1. Suppose 38*a - 41*a = 3. Give i(a).
6
Let b(k) = 40*k - 129*k + 47*k + 43*k. What is b(4)?
4
Let u(h) = -h. Let s(y) = -y - 13. Suppose 6*l + b = l - 7, 2*l - 4*b = 6. Let c(m) = l*s(m) + 2*u(m). Let r be c(9). Let i(v) = -2*v + 3. Determine i(r).
-5
Let j be 0/(-1 - 1/1). Let l(w) = -w**2 + w - 5. Let v(r) = -1. Let o(k) = -l(k) + v(k). Give o(j).
4
Let y(x) = -x**3 - 5*x**2 - x + 4. Let q = -25 + 20. Give y(q).
9
Let i(o) = 12*o**2 - 5*o - 13. Let u(y) = 8*y**2 - 3*y - 9. Let v(w) = 5*i(w) - 7*u(w). Let a(s) = -s**2 + s. Let p(b) = 3*a(b) + v(b). Determine p(2).
0
Let y(r) be the third derivative of -r**8/6720 - r**7/504 - r**6/240 - r**5/120 - r**4/6 + 5*r**2. Let l(h) be the second derivative of y(h). Give l(-4).
-5
Let i(j) = -17*j + 2. Let y(k) = 9*k - 4*k + 4*k - 1. Let m(g) = 6*i(g) + 11*y(g). Give m(1).
-2
Let i(z) = 6*z**3 + 7*z**2 + 8*z - 3. Let l(m) = -5*m**3 - 7*m**2 - 7*m + 4. Let j(g) = 6*i(g) + 7*l(g). Give j(7).
3
Suppose 2*s + 0*s = -4*j + 14, -5*j = 4*s - 13. Suppose 2*x + 2*k = k + 3, -j*x = -5*k. Let n(w) = -x - 3 + 4*w - 3*w. Give n(-4).
-8
Let g(m) = -m**2 + 3*m - 2. Let j(t) = t**2 - 4*t + 2. Let s(r) = -3*g(r) - 4*j(r). Let x(i) = -i**2 - 9*i - 14. Let d be x(-6). Calculate s(d).
10
Let c = -10 - -4. Let l(s) = -1 + 5*s**2 - 2*s + s**3 + 5*s - 9*s. Give l(c).
-1
Suppose 0 = -g - 3*g - 5*z - 9, 2*z = 2*g + 18. Let a be (-13 - -15)*g/(-4). Let n(c) = 6*c - 3. What is n(a)?
15
Let f = 2 + -4. Let s(j) be the second derivative of 5*j**3/6 + 3*j**2/2 + 13*j. Determine s(f).
-7
Let p be (6/24 + (-1)/(-4))*-2. Let h(s) be the first derivative of s**4/4 + s**3 + s**2 + s - 1. Calculate h(p).
1
Let o(q) = -q**3 - 5*q**2 - 3*q + 4. Let x be o(-3). Let s(f) be the second derivative of f**5/20 + f**4/3 - 2*f**3/3 + 5*f**2/2 - 6*f. What is s(x)?
0
Let n(l) = l**2 + 5*l - 2. Let b(j) = -3*j**2 - 14*j + 6. Let u(m) = 3*b(m) + 8*n(m). Determine u(-4).
-6
Let l(c) = c**3 + 6*c**2 - 7*c + 1. Let x(d) = d**2 + 3*d - 6. Let f be x(-5). Suppose -f*g = g + 35. Determine l(g).
1
Let k be 2/7 + (-66)/(-14). Suppose -75 = -0*m - k*m. Let h be 4*(-2)/(-20)*m. Let g(v) = v**3 - 6*v**2 + v - 5. Calculate g(h).
1
Suppose -2*v - 23 = -5*b, -2*v + 3*v - b + 4 = 0. Let c(d) = 3 - 8 + d + v. What is c(3)?
-1
Let b be (-9)/(-6)*(-4)/(-2). Suppose 0 = 2*c + 5*l + 2 + 3, -4*c - 2 = 2*l. Suppose c = -3*d + b - 0. Let m(w) = -2*w - 1. What is m(d)?
-3
Let a = 487 + -493. Let f(c) be the third derivative of c**6/120 + 7*c**5/60 + c**4/4 + 7*c**3/6 - c**2. Calculate f(a).
7
Let m(p) = 0*p**2 - 5*p**2 + 4*p**2. Let o(j) = -2*j - 6. Let z be o(-4). Let q(h) = -h - 1. Let a be q(z). Give m(a).
-9
Let u(f) = -9*f - 7. Let i(d) = -19*d - 16. Let y(b) = 3*i(b) - 7*u(b). Give y(-2).
-11
Let w(s) = 2*s + 26. Let a(o) = -o - 9. Let r(k) = -11*a(k) - 4*w(k). Calculate r(6).
13
Let z(s) = -s**2 + 9*s + s + 5 - 3*s - 2*s. What is z(5)?
5
Let m(y) = y**2 + 3*y - 3. Let n(d) = -d**3 + 7*d**2 - 8*d + 8. Let j be n(6). What is m(j)?
1
Let x(q) = -27*q + 5 + q**2 + 6*q + 7*q + 3*q. Give x(6).
-25
Let y = 1 - -4. Let c(q) = -q - 1. Let r be c(-3). Let o(u)